 205 is divided by 75?
55
Calculate the remainder when 3272 is divided by 326.
12
Calculate the remainder when 131 is divided by 24.
11
Calculate the remainder when 396 is divided by 19.
16
Calculate the remainder when 128 is divided by 42.
2
Calculate the remainder when 186 is divided by 49.
39
Calculate the remainder when 108 is divided by 12.
0
Calculate the remainder when 638 is divided by 8.
6
Calculate the remainder when 28 is divided by 13.
2
What is the remainder when 393 is divided by 133?
127
What is the remainder when 2491 is divided by 178?
177
Calculate the remainder when 155 is divided by 126.
29
What is the remainder when 68 is divided by 25?
18
Calculate the remainder when 190 is divided by 14.
8
Calculate the remainder when 109 is divided by 55.
54
What is the remainder when 171 is divided by 83?
5
Calculate the remainder when 98 is divided by 38.
22
What is the remainder when 8230 is divided by 7?
5
Calculate the remainder when 140 is divided by 2.
0
Calculate the remainder when 1379 is divided by 130.
79
What is the remainder when 269 is divided by 26?
9
What is the remainder when 235 is divided by 34?
31
Calculate the remainder when 1176 is divided by 59.
55
Calculate the remainder when 3321 is divided by 222.
213
What is the remainder when 702 is divided by 11?
9
Calculate the remainder when 233 is divided by 21.
2
What is the remainder when 24 is divided by 13?
11
What is the remainder when 1569 is divided by 132?
117
What is the remainder when 880 is divided by 89?
79
Calculate the remainder when 1101 is divided by 38.
37
What is the remainder when 376 is divided by 35?
26
What is the remainder when 259 is divided by 67?
58
Calculate the remainder when 518 is divided by 173.
172
What is the remainder when 513 is divided by 95?
38
Calculate the remainder when 1301 is divided by 58.
25
What is the remainder when 26609 is divided by 30?
29
What is the remainder when 56 is divided by 22?
12
Calculate the remainder when 309 is divided by 9.
3
Calculate the remainder when 475 is divided by 92.
15
Calculate the remainder when 322 is divided by 56.
42
Calculate the remainder when 8441 is divided by 9.
8
What is the remainder when 139 is divided by 18?
13
What is the remainder when 2068 is divided by 2068?
0
Calculate the remainder when 1671 is divided by 44.
43
What is the remainder when 541 is divided by 108?
1
Calculate the remainder when 97 is divided by 32.
1
What is the remainder when 1216 is divided by 13?
7
Calculate the remainder when 80 is divided by 9.
8
Calculate the remainder when 7293 is divided by 32.
29
Calculate the remainder when 1743 is divided by 92.
87
Calculate the remainder when 621 is divided by 210.
201
Calculate the remainder when 695 is divided by 344.
7
What is the remainder when 1071 is divided by 16?
15
What is the remainder when 1318 is divided by 22?
20
Calculate the remainder when 1264 is divided by 127.
121
Calculate the remainder when 4228 is divided by 46.
42
What is the remainder when 907 is divided by 51?
40
What is the remainder when 564 is divided by 36?
24
What is the remainder when 1758 is divided by 578?
24
Calculate the remainder when 55 is divided by 10.
5
Calculate the remainder when 20 is divided by 7.
6
Calculate the remainder when 15 is divided by 9.
6
Calculate the remainder when 35694 is divided by 16.
14
Calculate the remainder when 1054 is divided by 69.
19
Calculate the remainder when 218 is divided by 3.
2
Calculate the remainder when 115 is divided by 107.
8
What is the remainder when 766 is divided by 154?
150
Calculate the remainder when 2455 is divided by 21.
19
What is the remainder when 677 is divided by 100?
77
Calculate the remainder when 1672 is divided by 239.
238
What is the remainder when 60 is divided by 13?
8
Calculate the remainder when 203 is divided by 34.
33
Calculate the remainder when 2900 is divided by 207.
2
What is the remainder when 663 is divided by 111?
108
What is the remainder when 1571 is divided by 2?
1
Calculate the remainder when 4770 is divided by 59.
50
Calculate the remainder when 1072 is divided by 37.
36
Calculate the remainder when 660 is divided by 72.
12
What is the remainder when 5052 is divided by 158?
154
Calculate the remainder when 6711 is divided by 23.
18
What is the remainder when 2633 is divided by 4?
1
Calculate the remainder when 427 is divided by 12.
7
Calculate the remainder when 17 is divided by 4.
1
Calculate the remainder when 231 is divided by 116.
115
What is the remainder when 307 is divided by 153?
1
Calculate the remainder when 621 is divided by 165.
126
What is the remainder when 1442 is divided by 42?
14
What is the remainder when 1639 is divided by 210?
169
Calculate the remainder when 699 is divided by 16.
11
What is the remainder when 532 is divided by 67?
63
What is the remainder when 80 is divided by 27?
26
Calculate the remainder when 1010 is divided by 145.
140
What is the remainder when 784 is divided by 37?
7
Calculate the remainder when 1800 is divided by 892.
16
What is the remainder when 994 is divided by 293?
115
What is the remainder when 10367 is divided by 85?
82
What is the remainder when 1534 is divided by 467?
133
What is the remainder when 220 is divided by 78?
64
Calculate the remainder when 3101 is divided by 47.
46
What is the remainder when 10910 is divided by 44?
42
Calculate the remainder when 445 is divided by 50.
45
What is the remainder when 1155 is divided by 10?
5
Calculate the remainder when 2428 is divided by 115.
13
Calculate the remainder when 5081 is divided by 121.
120
What is the remainder when 1876 is divided by 931?
14
What is the remainder when 810 is divided by 102?
96
Calculate the remainder when 209 is divided by 39.
14
Calculate the remainder when 381 is divided by 16.
13
Calculate the remainder when 331 is divided by 30.
1
Calculate the remainder when 2748 is divided by 21.
18
What is the remainder when 143 is divided by 19?
10
Calculate the remainder when 1865 is divided by 89.
85
Calculate the remainder when 27 is divided by 10.
7
What is the remainder when 113 is divided by 38?
37
What is the remainder when 509 is divided by 15?
14
What is the remainder when 157 is divided by 25?
7
What is the remainder when 572 is divided by 144?
140
What is the remainder when 20745 is divided by 42?
39
Calculate the remainder when 296 is divided by 84.
44
What is the remainder when 514 is divided by 249?
16
What is the remainder when 2088 is divided by 10?
8
Calculate the remainder when 181 is divided by 24.
13
Calculate the remainder when 3218 is divided by 70.
68
Calculate the remainder when 304 is divided by 68.
32
What is the remainder when 10562 is divided by 38?
36
Calculate the remainder when 3571 is divided by 594.
7
Calculate the remainder when 347 is divided by 129.
89
Calculate the remainder when 482 is divided by 61.
55
What is the remainder when 194 is divided by 14?
12
What is the remainder when 770 is divided by 86?
82
Calculate the remainder when 15570 is divided by 5188.
6
Calculate the remainder when 1356 is divided by 275.
256
Calculate the remainder when 693 is divided by 315.
63
What is the remainder when 195 is divided by 66?
63
What is the remainder when 15402 is divided by 73?
72
Calculate the remainder when 4401 is divided by 259.
257
Calculate the remainder when 32 is divided by 2.
0
Calculate the remainder when 20646 is divided by 29.
27
Calculate the remainder when 1965 is divided by 98.
5
Calculate the remainder when 89 is divided by 10.
9
Calculate the remainder when 262 is divided by 68.
58
Calculate the remainder when 5277 is divided by 19.
14
Calculate the remainder when 245 is divided by 157.
88
What is the remainder when 165 is divided by 8?
5
Calculate the remainder when 810 is divided by 22.
18
Calculate the remainder when 83 is divided by 29.
25
Calculate the remainder when 452 is divided by 35.
32
Calculate the remainder when 435 is divided by 49.
43
Calculate the remainder when 44 is divided by 40.
4
Calculate the remainder when 118 is divided by 12.
10
Calculate the remainder when 468 is divided by 118.
114
What is the remainder when 112 is divided by 2?
0
Calculate the remainder when 533 is divided by 49.
43
Calculate the remainder wh